or of 1156 and h?
289
Let g(r) = 9*r + 185. Let n(q) = 2. Let y(v) = g(v) + n(v). Let k be y(-18). What is the highest common divisor of k and 20?
5
Let d(y) = -153*y**2 + 380*y**2 - 146*y**2 - 116*y**2 + 43 + y**3. Let g be d(35). Calculate the highest common factor of 43 and g.
43
Suppose 1167 = -15*x + 3312. What is the highest common divisor of x and 44?
11
Suppose 0 = -78*y - 57*y - 20*y + 4843750. Calculate the highest common divisor of y and 10.
10
Suppose -4*u - y + 55 = 0, 2*u - u + 5*y = -10. Let g(l) = -31*l**3 + 8*l**2 + 137*l + 249. Let i be g(-2). What is the highest common divisor of u and i?
15
Suppose -7*k + 10*k - 1266 = -3*y, 0 = 2*k + 5*y - 841. Calculate the highest common factor of k and 564.
141
Suppose 4*q = -5*b + 2404, -4*q + 1780 = -q - 2*b. What is the greatest common divisor of 15794 and q?
298
Let h = -8318 + 10386. What is the highest common divisor of 440 and h?
44
Let f = 5797 - 5741. Let g = -41 + 104. Calculate the highest common divisor of f and g.
7
Let l(p) = 1767*p - 6645. Let v be l(5). What is the greatest common divisor of 480 and v?
30
Let x = 4261 + -3213. What is the highest common factor of x and 16?
8
Suppose -3*o + 46 = 5*j, -35*j - 3*o - 10 = -34*j. Let u = 1 - -5. What is the highest common divisor of u and j?
2
Suppose 5*u = 4*r + 35, 0 = 5*u + r + 2*r. Suppose u*m = 388 - 322. Calculate the highest common factor of 704 and m.
22
Let j = -207 - -204. Let r be (-233)/j - 2*(-10)/(-30). Calculate the greatest common factor of 11 and r.
11
Suppose -4*v + 3*i = -8202, 10*i - 11*i = 2*v - 4106. Calculate the highest common factor of v and 36.
36
Suppose -28578 = -11*h + 7590. What is the highest common divisor of 6 and h?
6
Let x be 999/(201/12 - 16). Calculate the highest common factor of 108 and x.
36
Let m be ((-13845)/(-20))/(-2 + (-13)/(-8)). Let o = m - -3094. Calculate the greatest common factor of o and 39.
39
Suppose 18 = 5*b - 4*q - 17, 0 = -3*b + 2*q + 19. Suppose u = o - 3*o + 390, 0 = -b*u + 3*o + 1170. What is the greatest common factor of u and 26?
26
Suppose -116*h + 6199 = -10505. Calculate the highest common divisor of h and 276.
12
Let i(t) = 4 - 3 - 25*t**2 + 58*t**2 - 27*t**2. Let s be i(-3). Calculate the highest common divisor of s and 11.
11
Let m = -1214 + 1814. Calculate the highest common factor of m and 96.
24
Suppose -l = 2*y, -y - 7 = -0*l - 3*l. Suppose l*q - 56 = -2*b - 16, 2*q = -b + 15. What is the greatest common factor of b and 1025?
25
Suppose -4*n + 3*t = -665, 4*t = 5*n - 2*n - 490. Let v = -12 - -16. Suppose -9*s + n = -v*s. Calculate the greatest common divisor of s and 51.
17
Suppose -u - 3 = 0, 2*a + 2*u + 263 = 267. Calculate the highest common divisor of a and 5455.
5
Let p be (14/6 - 3)/(6/10035). Let y = -275 - p. Calculate the greatest common divisor of 21 and y.
21
Let b be (-62)/248*(0 - 64). Let x be (1 + 1)*(-2)/(-1). Let g(t) = 44*t. Let o be g(x). What is the highest common factor of o and b?
16
Let h be 1665/(-20)*(-5 - -1). Suppose -235 = -2*i + h. Calculate the greatest common divisor of i and 213.
71
Suppose 0 = 82*r - 71*r - 792. What is the greatest common divisor of r and 2664?
72
Let q = 10893 - 10887. Let p = -56 + 110. What is the greatest common factor of q and p?
6
Suppose -323 = -6*f + 2*f + d, 2*d = -f + 74. Suppose -6*n + f = -352. What is the highest common factor of 8 and n?
8
Let d(j) = 3*j - 11. Let s be d(-4). Let x = -1 - s. Let g(z) = -8*z + 2. Let w be g(0). Calculate the highest common factor of w and x.
2
Suppose -8950 - 12538 = -32*i - 2640. What is the highest common divisor of i and 380?
19
Let p = -22710 - -22717. What is the greatest common factor of p and 2429?
7
Suppose -3*v + 2112 = 6*d, 142*d - 138*d - 7*v = 1372. Let x(f) = -42*f. Let w be x(-1). What is the highest common divisor of w and d?
14
Let o = 17560 - 12188. What is the greatest common factor of 68 and o?
68
Let l = 31 + -30. Suppose 3*j - 4 = -s - l, -j = -3*s + 49. Suppose 5*d - 115 = 5*z + 425, -2*d + 3*z = -219. What is the highest common divisor of d and s?
15
Let i = 475 - 471. Let t(m) = m**3 - m - 24. Let d be t(i). What is the highest common factor of 4 and d?
4
Let j(t) = -11*t**3 - 54*t**2 - 36*t - 227. Let l be j(-6). What is the highest common factor of l and 1?
1
Suppose -j - 22*j = 621. Suppose 2*k = 2*u + 86, 2*k - 5*u - 92 = -0*k. Let x = j + k. Calculate the greatest common divisor of 7 and x.
7
Suppose -4*f + 3490 = -34*q + 31*q, f - 880 = -3*q. Let i = f - 873. What is the greatest common divisor of 1 and i?
1
Let w = 15 - 17. Let k(c) = c**2 - c - 3. Let r be k(w). Suppose -5*y = 5*m - 660, r*m = 5*y - 2*m - 670. What is the highest common divisor of 19 and y?
19
Let m be ((-4)/(-6))/((-4)/(-6)) + 3. Suppose t = -2*q - 6, -2*t - m*q - 32 = -5*t. Let z be (52/(-3))/(t/(-6)). What is the highest common divisor of z and 39?
13
Let j(l) = l**2 + 17*l - 36. Let a be j(-19). Let h = 81 - a. Suppose 161 = 8*n - h. What is the highest common factor of 10 and n?
10
Let j(b) be the third derivative of -b**5/60 - b**4/6 + b**3 - 3*b**2 + 6. Let o be j(-3). What is the greatest common divisor of o and 27?
9
Suppose 191 = 5*c - 4*d + 8*d, -3*d = -c + 42. What is the greatest common factor of c and 8255?
13
Let g(u) be the second derivative of 13*u**3/3 + 9*u**2/2 + 35*u + 2. Let m be g(2). What is the highest common divisor of m and 183?
61
Let h be (-88)/(-10)*90/(-84)*12376/(-34). What is the highest common factor of h and 660?
132
Let u be (3/(-2))/((-1)/2). Suppose -u*s + 1 + 11 = 0. Let i(o) = 7*o - 34. Let k be i(10). Calculate the highest common divisor of s and k.
4
Let b = 347 + -248. Suppose -81*h = -5*q - 79*h + 214, -29 = -q + 5*h. What is the highest common divisor of b and q?
11
Let j = 179 - 150. Suppose 0 = j*v - 201 - 350. Calculate the greatest common divisor of v and 1.
1
Let f(h) = 7*h**3 - 44*h**2 + h - 51. Let g be f(7). What is the greatest common divisor of g and 16549?
67
Let s(o) = -o**2 + 20*o + 29. Let l be s(22). Let f be (-2)/l*-5 - (-1012)/6. Calculate the highest common divisor of 8 and f.
8
Let n be 20/(-70) - (-688)/56 - -404. What is the highest common divisor of 2272 and n?
32
Suppose -6*a - 10166 = -29*a. Let y = a - 373. Calculate the greatest common factor of 115 and y.
23
Suppose 5*c - 2*z - 19802 = 0, 25*z - 29*z = -5*c + 19804. Calculate the highest common factor of 80 and c.
40
Suppose 265*y - 19090 = 29494 - 12544. What is the highest common divisor of y and 200?
8
Suppose -6378*y - 11655 = -6387*y. Calculate the greatest common divisor of 518 and y.
259
Suppose 0 = 150*j - 16881 + 681. Calculate the greatest common divisor of 64 and j.
4
Let m be 2/(-5) - (2 + (-448)/20). Let a be ((-16)/(-5))/((-16)/760). Let q = 68 - a. Calculate the greatest common factor of q and m.
20
Suppose 2*f = -f + 288. Suppose 6*b + 8*b + 105109 = 105557. Calculate the greatest common divisor of f and b.
32
Let h(l) = 20*l + 1662. Let n be h(52). What is the greatest common factor of n and 28?
14
Let f(p) = -27*p + 347. Let a be f(9). Let t be (-8)/15*(-25)/10*30. What is the highest common divisor of a and t?
8
Let i(m) = 4*m - m**2 - m + 1 + 21*m**3 - 4*m. Let k be i(1). Suppose 4*y = -k, 61 = h - 3*y + 2*y. Calculate the highest common divisor of h and 84.
28
Let q = -760 + 770. Let s(y) = -y**3 + 4*y**2 - 6*y + 7. Let j be s(2). Suppose j*o = 10*o - 385. What is the highest common factor of q and o?
5
Suppose -27 = -l - q, -3*q = -5*l - 50 + 209. Suppose 21 + 24 = 1125*b - 1122*b. What is the highest common factor of b and l?
15
Let v(x) = -x + 477. Let h be v(-3). Calculate the highest common factor of h and 560.
80
Let h(i) = 35*i**2 - 67*i**2 + 14 + 37*i**2 + 11*i. Let a be h(-6). What is the greatest common factor of 8 and a?
8
Let u be 116/2*(-594)/(-396). Let x = -9 - -34. Let q = 54 - x. Calculate the greatest common divisor of u and q.
29
Let i = 120 - 104. Let o(t) = -t + 9. Let j be o(6). Suppose -5*w + i = -j*w. What is the highest common divisor of w and 40?
8
Let b = 8 + 10. Suppose 2*t + 100 = 4*n, 1706*n = 1709*n + 3*t - 39. What is the greatest common divisor of b and n?
3
Let n = -39 + 59. Let i be -2*(0 + (-5 - (-1818)/(-4))). Let d = i + -879. Calculate the greatest common divisor of d and n.
2